 - 5)). Let b(u) = 3*u**3 - 4*u**2 - u**2 - 2*u**3 + f*u + g*u**3 - 2. Calculate b(4).
-10
Suppose -9 = 2*c + 3*d, 0 = 3*c - 4*c + 5*d - 11. Let h(i) = i**2 + 7*i + 1. What is h(c)?
-5
Let w(f) = 13 - 6*f + f**2 - 5 - 2*f**2. Calculate w(-6).
8
Let l(w) = w**2 + 9*w + 11. Let y = -42 - -34. What is l(y)?
3
Let u(j) = 2*j + 3. Let k(m) = -5*m - 8. Let y(a) = 3*k(a) + 8*u(a). Determine y(-4).
-4
Let f(i) = -4*i - 3. Let q(t) = -t. Let b(z) = f(z) - 6*q(z). Suppose 0*j - 15 = 3*j. Let s = j + 2. Determine b(s).
-9
Let n(k) = 3*k**2 + 4*k - 4. Let c(j) = -j**3 + 2*j**2 + 3*j - 3. Let g(m) = -4*c(m) + 3*n(m). Determine g(1).
5
Let a(b) = -b + 3. Let l = -4 - -4. Let s be 2*((-4)/(-2) - l). Calculate a(s).
-1
Let w(t) be the second derivative of -t**8/6720 + t**7/630 + t**6/360 - t**5/20 + t**4/3 - t. Let v(y) be the third derivative of w(y). Calculate v(4).
2
Suppose -m = 3*m. Let v(a) be the third derivative of 1/60*a**5 + a**2 + 0 + m*a - 1/6*a**4 + 1/6*a**3. Calculate v(3).
-2
Let z(c) = -c**3 + 2*c**2 + 4. Let b be z(3). Let h(f) = -f**3 - 5*f**2 + 4. Determine h(b).
4
Let o(j) = -j**3 + 4*j**2 - 4*j + 2. Suppose 2*p - 4*f = -3*p - 6, 2*f - 8 = 0. Calculate o(p).
2
Let d(n) = -2*n**2 - 5. Let u(t) = -3*t**2 - 9. Let i(z) = -5*d(z) + 3*u(z). Suppose -4*k - s + 2*s = -3, 25 = 5*s. Give i(k).
2
Let p(y) be the third derivative of y**6/120 - y**5/20 + y**4/12 - y**3/3 + 8*y**2. Let t be p(2). Let a(d) = 2*d**2 + d + 2. Calculate a(t).
8
Let w(r) = 9*r**3 + 2*r**2 + 2*r - 11. Let m(l) = 5*l**3 + l**2 + l - 6. Let x(b) = -11*m(b) + 6*w(b). Determine x(2).
-2
Suppose -4*s + 2*k - 14 = -s, 2*s - 5*k + 24 = 0. Let b = 2 + s. Let v(g) = g + 10. What is v(b)?
10
Suppose 0 = 5*d - 2*d + 3*s, 0 = -d + 3*s + 12. Let a be ((-27)/(-3))/d + -7. Let t(g) = -g**3 - 3*g**2 + 5*g - 2. Determine t(a).
-6
Suppose -3*x + v = -8, -v - 10 = -5*x - 0*x. Let s(l) = -16*l**2 - l. Determine s(x).
-17
Let i(o) = o + 8. Suppose -2*b + 3*b - 6 = 0. What is i(b)?
14
Let a(s) be the first derivative of -s**5/60 + s**4/6 + 4*s**3/3 + 3. Let p(f) be the third derivative of a(f). Calculate p(-3).
10
Let t(z) = 6 - 13 - z**2 + 5 + 7*z. Suppose -19 = -5*l + 1. What is t(l)?
10
Suppose -3*o + 15 = 2*o. Let g be 21/9 - (-2)/o. Let s(r) = 0 - 3*r**3 + 2*r**3 + g*r + 2. What is s(-2)?
4
Let h = -17 + 18. Let d be 2 - h - (3 - 3). Let k(q) = -5*q**3 + 1. What is k(d)?
-4
Let u = 1 + 2. Let g(z) = 5*z + 6. Let y(j) = j + 1. Let v(l) = 2*g(l) - 11*y(l). Determine v(u).
-2
Let i(m) = -m - 12*m - 1 + 7*m. What is i(3)?
-19
Let k(q) be the second derivative of 0 + 0*q**2 + 1/6*q**3 + q + 7/6*q**4. What is k(-1)?
13
Let c = -102 + 105. Let k(a) = a**2 + 2*a - 1. Give k(c).
14
Suppose -21 = -13*r - 86. Let k(f) = -f**2 - 5*f + 2. Give k(r).
2
Let v be 0 + 0 - 2/(-1). Suppose 0 = 3*x + 2*g + v - 4, 5*g = -2*x - 17. Let n(r) = 0*r + x*r - 3*r - 10*r**3. What is n(1)?
-9
Let b = 15 - 11. Let v(l) be the second derivative of l**4/12 - 2*l**3/3 + 3*l + 3. Determine v(b).
0
Let r(v) = 2*v**2. Let o = -180 - -182. Calculate r(o).
8
Let x(t) = -t**2 + t. Let p(q) = q**3 + 4*q**2 - 8*q - 2. Let l(c) = p(c) + 3*x(c). Let w be -1*-3*(1 + -2). Give l(w).
-5
Let f be 2/5*5 + 1. Let t(r) = 4*r + 1. Calculate t(f).
13
Let g(f) be the first derivative of -2*f**3/3 + f + 1. Give g(2).
-7
Let j(f) = 5*f - 5*f - 24 - 2*f - f**2 + 27. Calculate j(-3).
0
Let s(v) = 13*v**3 - v**2 - v. Suppose 0*x + x + 4*t = 15, 5*t = 5*x + 25. Calculate s(x).
-13
Let t(w) = 3 + w**2 + 0 - 3*w + 8*w. Suppose 4*b + 2*u = -7 - 11, -4*u = -4*b. What is t(b)?
-3
Let u(s) = -7*s**3 + 25*s**2 + 4*s - 23. Let q(y) = 4*y**3 - 13*y**2 - 2*y + 12. Let k(o) = 5*q(o) + 3*u(o). Determine k(10).
11
Let j(o) = 5*o - 4. Let f(q) = -36*q + 27. Let m(b) = 2*f(b) + 15*j(b). Let g = -12 + 17. Determine m(g).
9
Let u = 3 + 3. Let j(m) = -3 - 3*m**2 + 3*m**2 - 4 - u*m**2 + m**3 + 6*m. Let o be (-15)/(-2)*2/3. Calculate j(o).
-2
Let d(x) = -3 - 3*x + 1 + 7. What is d(5)?
-10
Let g(f) = f**3 - 4*f**2 + f + 2. Let w(h) = -3*h - 11. Let o(p) = 5*p + 21. Let x(n) = 4*o(n) + 7*w(n). Let r be x(6). Suppose -m = -2 - r. What is g(m)?
-4
Suppose 5 = -h + 1. Let v(j) = 16*j**2 - 1 - 22*j**2 - 2 - 3*j + 5*j**2. Determine v(h).
-7
Let x(q) = -q**3 + 5*q**2 - q - 2. Let p be x(4). Let y(f) = -f**2 + 10*f + 2. Let v be y(p). Let t(i) = 3 - 3 + 3*i - v*i**2 + 2. Calculate t(3).
-7
Let u(v) = v - 4 - 1 + 1 + v. Let s = 3 - 2. Suppose f - 4 = -s. Give u(f).
2
Let s = -28 - -31. Let z(i) be the first derivative of 2*i - 2 + 1/2*i**2. Calculate z(s).
5
Let j(n) = -n**2 - 5*n - 2. Let o(f) = f**3 + 4*f**2 + 3*f + 1. Let c be o(-3). Let i = -3 - c. Determine j(i).
2
Suppose -5*v + 3*d = -d - 32, 4*v - 3*d = 25. Let q(k) = -3*k**2 + 1 + 1 - 2*k**2 + v*k**2. What is q(-2)?
-2
Let m = -13 - -12. Let b(u) = 1. Let x(n) = -n - 1 + 0*n - 2. Let a(k) = m*x(k) + 2*b(k). Determine a(5).
10
Let k(t) = -2*t - 11. Let x = -5 - -9. Let s(h) = -h - 1. Let u(g) = x*s(g) - k(g). Give u(5).
-3
Let g(o) = 4*o - 9. Let y(j) = -5*j + 10. Let u(l) = -6*g(l) - 5*y(l). What is u(3)?
7
Let u(h) = h**2 + 4*h + 4. Let a be u(-4). Suppose 4*b - 8 - 3 = -3*o, 4*o + a*b - 12 = 0. Let i(c) = -8*c**3 - c**2 + c. Give i(o).
-8
Let v(f) = -2*f**2 - f**2 - 2 - f + 2. Let w(u) = -u + 6. Let s be w(7). Let j be -1 - s - (3 + -2). Give v(j).
-2
Let q(n) be the second derivative of n**4/12 + 4*n**3/3 + 2*n**2 + n - 7. Give q(-6).
-8
Let h(p) be the third derivative of 1/24*p**4 - 5*p**2 + 8/3*p**3 + 0*p + 0. Determine h(0).
16
Let k(b) = 7*b - 13. Let a(y) = -6 - y + 4*y + 0*y. Let l(o) = 9*a(o) - 4*k(o). Let t(m) = -m**2 - m + 2. Let v be t(-3). Determine l(v).
2
Let x(r) = 2*r**2 - 1 + 1 + 1. Let j be -1*(0 - -1)*-1. Give x(j).
3
Let y(v) = 2 - 2*v + 3*v - 2*v. Suppose 0 = -3*j + 7*j + 16. Determine y(j).
6
Let k(z) = 2*z - 1. Suppose 5*y = -26 + 1, 13 = -4*r - y. Let j be (-5 - r)*(-2)/6. Calculate k(j).
1
Let g(c) be the third derivative of -c**4/24 + 5*c**3/6 + 6*c**2. Give g(6).
-1
Suppose 0 = 7*b - 3*b - 8. Let f be (-3 + 1)*(-3 + 1). Suppose -2*i - b = -f, -5*w = -5*i - 20. Let l(z) = -z**3 + 4*z**2 + 4*z. Give l(w).
-5
Let m(y) = -y**2 - 4*y + 4. Suppose 0 = 3*o - d + 16, o + 5 = d - 1. Let s be m(o). Let q(t) = -6*t**2 + 2*t + 1. What is q(s)?
-7
Let b(x) be the second derivative of 1/12*x**4 - 2/3*x**3 + 4*x + 0 - 1/2*x**2. Determine b(3).
-4
Suppose 5*t - 30 = 10. Let i be 3/(-12) - (-74)/t. Let w(k) = -2*k + i + 3 + k**3 + 3*k. Calculate w(0).
12
Let x(n) = n**2 - 6*n - 4. Let k(r) = r + 5. Let v be k(0). Suppose 0 = v*w + 11 - 41. Calculate x(w).
-4
Let b(d) = -2*d**2 - 2*d. Let y(s) = s + 2. Suppose 5*u - 3*j + 28 = -5*j, 3*u - 4 = 4*j. Let f be y(u). What is b(f)?
-4
Let q be ((-1)/(-4))/(2/8). Let f(x) = -8*x**2 - 2*x + 1. Give f(q).
-9
Let u = -8 + 11. Suppose 2*p + u*h - 3 = -0*p, 3*h = -3*p + 3. Let b = p - 2. Let c(j) = j**2 + 4*j + 3. What is c(b)?
-1
Let f = -52 + 48. Let q(d) = -d**3 - 6*d**2 - 4*d. Give q(f).
-16
Let f be 12/8 - 1/2. Let q(l) = -3 - f + 2 - l + l**2. Calculate q(2).
0
Suppose 0 = -r - 3*p + 13, -4*r + 6*p = 5*p. Let g be (-3 - -6)*r/(-3). Let d(c) = c. Let z(j) = j**2 + 4*j + 1. Let t(f) = g*z(f) + 6*d(f). Give t(1).
0
Suppose 5*z + 2*p = -24 - 4, 2*z - 2*p = 0. Let m(q) = q**2 + 4*q + 6. Calculate m(z).
6
Suppose -8*g - 6 = 2. Let q(f) = 6*f. Determine q(g).
-6
Let i(g) = 5*g**2 + 10*g + 3. Let k(s) = -6*s**2 - 11*s - 3. Let m(u) = -7*i(u) - 6*k(u). Calculate m(6).
9
Let v(s) = 2*s - 3*s + 5*s - 1. Let o be v(-3). Let k = 9 + o. Let j(g) = -g**3 - 5*g**2 - 6*g. Calculate j(k).
8
Let z = -20 - -24. Suppose -z*u + 21 = -u. Let g(n) = -n + 6. Give g(u).
-1
Let i(h) = h**2 + 0*h**2 + 4*h - 2*h - 3. Suppose 2*d - 4*y = 14, 0 = -5*d - 6*y + 2*y - 35. Give i(d).
0
Let y = 48 - 46. Let x(l) be the first derivative of -1/4*l**4 - 2 + 4*l + 5/2*l**y + 4/3*l**3. What is x(5)?
4
Suppose 0 = -0*l - 2*l. Suppose 0 = -l*b + 3*b. Suppose b = 5*z - 3*z - 6. Let w(q) = 2*q. Determine w(z).
6
Let s(w) be the first derivative of -2*w**3/3 + 5*w**2/2 - 3*w - 4. Let k be s(3). Let v(y) = -y**2 - 6*y + 3. Determine v(k).
3
Suppose -3*b + 4 = -b. Let u(y) = 1 - 5*y - b + 4*y + y**3. Determine u(-1).
-1
Let r(b) = b - 10. Let g be ((-2)/6)/((-1)/15). Let x(a) = -1. Let s(z) = g*x(z) - r(z)